divided by 29.
27
What is the remainder when 499 is divided by 54?
13
Calculate the remainder when 10762 is divided by 12.
10
Calculate the remainder when 1450 is divided by 33.
31
What is the remainder when 55 is divided by 12?
7
What is the remainder when 3872 is divided by 138?
8
Calculate the remainder when 5313 is divided by 20.
13
What is the remainder when 427 is divided by 73?
62
Calculate the remainder when 39 is divided by 20.
19
What is the remainder when 10215 is divided by 20?
15
What is the remainder when 103 is divided by 90?
13
Calculate the remainder when 3697 is divided by 106.
93
What is the remainder when 4008 is divided by 667?
6
What is the remainder when 168 is divided by 55?
3
What is the remainder when 87 is divided by 8?
7
What is the remainder when 22681 is divided by 65?
61
What is the remainder when 1347 is divided by 24?
3
What is the remainder when 67 is divided by 27?
13
What is the remainder when 624 is divided by 322?
302
Calculate the remainder when 219 is divided by 13.
11
What is the remainder when 1688 is divided by 19?
16
Calculate the remainder when 19039 is divided by 293.
287
Calculate the remainder when 483 is divided by 157.
12
What is the remainder when 34 is divided by 19?
15
Calculate the remainder when 377 is divided by 27.
26
What is the remainder when 895 is divided by 50?
45
Calculate the remainder when 557 is divided by 20.
17
Calculate the remainder when 116 is divided by 26.
12
What is the remainder when 394 is divided by 126?
16
What is the remainder when 39 is divided by 7?
4
Calculate the remainder when 217 is divided by 17.
13
Calculate the remainder when 205 is divided by 35.
30
Calculate the remainder when 13277 is divided by 16.
13
What is the remainder when 307 is divided by 103?
101
What is the remainder when 29 is divided by 15?
14
Calculate the remainder when 888 is divided by 222.
0
What is the remainder when 93 is divided by 20?
13
Calculate the remainder when 71 is divided by 23.
2
Calculate the remainder when 72 is divided by 35.
2
What is the remainder when 1097 is divided by 6?
5
Calculate the remainder when 99 is divided by 49.
1
Calculate the remainder when 115 is divided by 33.
16
Calculate the remainder when 334 is divided by 112.
110
Calculate the remainder when 80 is divided by 12.
8
Calculate the remainder when 4469 is divided by 17.
15
Calculate the remainder when 339 is divided by 1.
0
Calculate the remainder when 726 is divided by 13.
11
What is the remainder when 149 is divided by 6?
5
What is the remainder when 746 is divided by 366?
14
What is the remainder when 628 is divided by 9?
7
Calculate the remainder when 2437 is divided by 54.
7
What is the remainder when 726 is divided by 206?
108
Calculate the remainder when 559 is divided by 33.
31
What is the remainder when 19047 is divided by 15?
12
What is the remainder when 1086 is divided by 1081?
5
Calculate the remainder when 62 is divided by 14.
6
Calculate the remainder when 4284 is divided by 51.
0
What is the remainder when 427 is divided by 39?
37
What is the remainder when 174 is divided by 122?
52
Calculate the remainder when 2332 is divided by 386.
16
Calculate the remainder when 1421 is divided by 9.
8
What is the remainder when 2135 is divided by 102?
95
What is the remainder when 557 is divided by 33?
29
What is the remainder when 310 is divided by 61?
5
Calculate the remainder when 226 is divided by 60.
46
Calculate the remainder when 1857 is divided by 186.
183
What is the remainder when 815 is divided by 381?
53
What is the remainder when 98 is divided by 26?
20
Calculate the remainder when 635 is divided by 500.
135
Calculate the remainder when 309 is divided by 309.
0
Calculate the remainder when 410 is divided by 69.
65
Calculate the remainder when 26 is divided by 9.
8
Calculate the remainder when 84 is divided by 31.
22
What is the remainder when 8285 is divided by 37?
34
Calculate the remainder when 1188 is divided by 21.
12
Calculate the remainder when 1321 is divided by 49.
47
What is the remainder when 211 is divided by 27?
22
Calculate the remainder when 193 is divided by 40.
33
What is the remainder when 259 is divided by 38?
31
What is the remainder when 1278 is divided by 449?
380
What is the remainder when 1215 is divided by 256?
191
Calculate the remainder when 151 is divided by 82.
69
Calculate the remainder when 470 is divided by 206.
58
Calculate the remainder when 125 is divided by 55.
15
What is the remainder when 249 is divided by 53?
37
Calculate the remainder when 159 is divided by 18.
15
What is the remainder when 1832 is divided by 18?
14
What is the remainder when 54 is divided by 41?
13
Calculate the remainder when 123 is divided by 74.
49
Calculate the remainder when 6189 is divided by 19.
14
What is the remainder when 1996 is divided by 77?
71
Calculate the remainder when 455 is divided by 17.
13
Calculate the remainder when 60 is divided by 21.
18
What is the remainder when 654 is divided by 72?
6
What is the remainder when 839 is divided by 35?
34
What is the remainder when 684 is divided by 137?
136
Calculate the remainder when 2012 is divided by 48.
44
What is the remainder when 2837 is divided by 86?
85
Calculate the remainder when 607 is divided by 178.
73
What is the remainder when 72 is divided by 29?
14
What is the remainder when 841 is divided by 27?
4
What is the remainder when 92 is divided by 5?
2
Calculate the remainder when 6 is divided by 6.
0
What is the remainder when 179 is divided by 34?
9
What is the remainder when 92 is divided by 24?
20
What is the remainder when 5247 is divided by 125?
122
Calculate the remainder when 99 is divided by 35.
29
What is the remainder when 4424 is divided by 21?
14
Calculate the remainder when 44 is divided by 28.
16
Calculate the remainder when 302 is divided by 43.
1
What is the remainder when 71 is divided by 30?
11
Calculate the remainder when 93 is divided by 75.
18
What is the remainder when 60 is divided by 31?
29
What is the remainder when 2160 is divided by 119?
18
What is the remainder when 416 is divided by 72?
56
Calculate the remainder when 1106 is divided by 28.
14
Calculate the remainder when 136 is divided by 66.
4
Calculate the remainder when 576 is divided by 320.
256
Calculate the remainder when 190 is divided by 35.
15
Calculate the remainder when 270 is divided by 26.
10
Calculate the remainder when 220 is divided by 46.
36
What is the remainder when 653 is divided by 66?
59
Calculate the remainder when 862 is divided by 140.
22
What is the remainder when 175 is divided by 84?
7
Calculate the remainder when 222 is divided by 45.
42
Calculate the remainder when 2658 is divided by 140.
138
Calculate the remainder when 4240 is divided by 101.
99
What is the remainder when 585 is divided by 59?
54
What is the remainder when 327 is divided by 67?
59
Calculate the remainder when 38 is divided by 18.
2
What is the remainder when 14075 is divided by 138?
137
What is the remainder when 516 is divided by 85?
6
What is the remainder when 165 is divided by 21?
18
What is the remainder when 173 is divided by 11?
8
What is the remainder when 725 is divided by 255?
215
What is the remainder when 223 is divided by 6?
1
Calculate the remainder when 9890 is divided by 34.
30
Calculate the remainder when 764 is divided by 101.
57
Calculate the remainder when 256 is divided by 7.
4
What is the remainder when 2680 is divided by 179?
174
What is the remainder when 1147 is divided by 46?
43
What is the remainder when 3976 is divided by 399?
385
Calculate the remainder when 39 is divided by 22.
17
Calculate the remainder when 506 is divided by 51.
47
Calculate the remainder when 34 is divided by 12.
10
Calculate the remainder when 3594 is divided by 48.
42
Calculate the remainder when 51 is divided by 14.
9
What is the remainder when 277 is divided by 127?
23
Calculate the remainder when 487 is divided by 174.
139
What is the remainder when 78 is divided by 16?
14
What is the remainder when 322 is divided by 81?
79
Calculate the remainder when 2143 is divided by 55.
53
Calculate the remainder when 43 is divided by 41.
2
Calculate the remainder when 1211 is divided by 5.
1
What is the remainder when 841 is divided